(15 + -29)?
15
-15 - -1 - (-12 - (-42 - -19))
-25
What is the value of 15 + -19 + 12 - -7?
15
Evaluate 3 + (-9 - (5 - (-5 - 0))).
-16
Calculate 7 + 19 + -6 - (-17 - (-30 - -13)).
20
2 + (13 - (3 + 9))
3
Evaluate 4 + (9 - 5) - (45 + -11 + -7).
-19
(-6 - -2) + 2 - (5 + 11 - 7)
-11
What is 17 - (-20 + 25 + 19)?
-7
Evaluate -19 + -4 + 8 + (49 - 46) + -22.
-34
What is the value of 40 - (-18 + (15 - -22))?
21
What is -1 - -5 - (18 + -11)?
-3
What is the value of 0 - (-17 + -8) - (1 + 5)?
19
Evaluate -7 + -5 + 4 + 12 + (-35 - 0).
-31
What is -2 - (-17 + 36) - -22?
1
What is the value of 17 + -1 + 20 + (53 - 66)?
23
What is the value of -37 + (22 - (31 + -41))?
-5
What is 0 + (-15 - (5 - 9))?
-11
What is the value of (-259 - -280) + -10 + -1?
10
14 + -28 + 41 - (-1 + 11)
17
What is (169 - 168) + (2 - (0 - 4))?
7
-29 - (5 + (22 - 19) + -24)
-13
-14 - (-46 - (-5 + 0 - -3))
30
Calculate -11 - (7 + -12) - 11.
-17
Calculate (1 - (23 + -9 + 0)) + 0 + -8.
-21
What is the value of 0 - (3 - 2) - -7 - (-19 + 21)?
4
Evaluate -38 + -34 - -57 - (-1 - -9).
-23
-1 - -1 - (-137 - -142)
-5
(0 - (-8 + 8 + -4)) + -7
-3
Calculate -4 + 2 - -4 - (-1390 - -1385).
7
What is 4 + (-16 + 12 + -6 - -10)?
4
-10 + 7 + -7 + 3 - (6 - 17)
4
Calculate (-78 - -47) + (-6 - -12 - -1).
-24
-3 - 16 - (-16 + -5)
2
Evaluate -1 + (-2 + 2 - -4) + (3221 - 3205).
19
What is 3 + 1 + (-11 - (2 + 3))?
-12
Evaluate (-10 - -1) + (-7 - ((-5 - -2) + 0)).
-13
Calculate 20 - (-17 + 14 + 12).
11
What is 12 + (0 - (-13 - -14))?
11
Calculate -4 - (12 + (15 - 30)).
-1
-9 + (0 - -9) + -13 + 23 + -1
9
-43 - -8 - -20 - -26
11
What is the value of 2 + (11 - 0) + (-10 - -14 - 9)?
8
What is the value of (-10 - 3) + -17 + 31?
1
Calculate (-6 - (18 + -13)) + 27.
16
What is -16 - -77 - 21 - 25?
15
(7 - (0 + 3)) + -223 + 221
2
What is the value of -55 + (17 - 30 - -44)?
-24
(-4 - -10) + (37 - 51)
-8
Calculate -10 - ((-22 - -13) + -2 - -1).
0
What is (6 - 2) + -5 - (73 + -75)?
1
Calculate (-15 - -20 - -5) + -18.
-8
What is the value of 12 + 2 + 174 + -198?
-10
1 + -19 + -14 + (15 - (-7 + 19))
-29
Calculate (5 - -7) + (-31 - -15).
-4
What is the value of 0 + 7 + 1 + 402 + -426?
-16
Evaluate 5 - -2 - ((-20 - -15) + -2).
14
Calculate -5 + (3 - (-4 - 6)) - 7.
1
(18 - (-7 - -7)) + -19
-1
-15 - (20 + -28 - -5)
-12
What is the value of -6 + -4 - (-34 - -2 - -17)?
5
What is the value of 10 + 4 + (7 - 22)?
-1
What is 36 - ((2 - -24) + -20)?
30
Evaluate (-27 - -8 - -12) + (12 - -2 - 2).
5
What is 6 + (-2 + -1 - (9 + -8 + 3))?
-1
Calculate 48 + 11 + -42 - (0 - -4).
13
Calculate 22 - 2 - (-172 - -182).
10
Calculate 7 - (-4 - (-8 - (-28 - -16))).
15
What is -457 + 455 + 0 + 1?
-1
-42 - (-2 + (-1 - -1 - (-82 - -92)))
-30
What is the value of (-6 - -13) + -4 + (0 + 3 - -5)?
11
What is the value of 26 + -15 + -26 + -7?
-22
Calculate (-2 + -5 - (1 - 7 - 2)) + -6.
-5
Evaluate 12 - (-19 + (20 - -13)).
-2
What is 1 - (-24 - -7 - -12 - -4)?
2
Calculate 22 - (-19 + 5 + (-18 - -22)).
32
What is 423 + -446 + 27 + 2?
6
Evaluate -10 - 2 - (-15 - (-14 + 18 + -12)).
-5
Calculate -36 - (7 - -3 - (10 - -2)).
-34
What is -10 - ((16 - 1) + -77 + 58)?
-6
Calculate 5 + 4 - (61 + -61).
9
21 + -8 - (11 - -8)
-6
Calculate 2 + -1 + -18 + 12 - (1 - 1).
-5
Evaluate -31 + 15 - -22 - (-1 + 2).
5
What is 18 - (4 + 1 + (36 - 37))?
14
What is the value of -17 + -4 - 4 - -21?
-4
What is the value of 1 - ((0 - 0) + (-4 - (-8 - -17)))?
14
Calculate -2 - -3 - (-15 + (19 - 9)).
6
What is 29 - ((-5 - -2) + 10 + 4 + -4)?
22
Evaluate (0 - ((7 - 6) + -1)) + -9.
-9
-17 - -1 - ((10 - (-11 - -23)) + -2)
-12
What is (4 - (7 + -8 - -4)) + -3?
-2
What is (0 - -1 - 7) + (8 - -2)?
4
Calculate 26 + (-36 - (16 - 28)) + 8.
10
What is (5 - -5) + -6 + -3 + 8?
9
What is -39 + (-1 - -1 - -9 - (20 + -14))?
-36
3 - (8 - (12 + 8))
15
Evaluate -250 + 232 + (0 - -18).
0
Evaluate (-6 - -2 - (-14 - -32)) + -4.
-26
Evaluate -32 + -6 + 0 + 0 + (3 - -1).
-34
Evaluate -14 + 6 + -57 + 24 + 15.
-26
Evaluate -3 + (-1 - (-5 - -1)) + 3.
3
What is (-23 - (11 + -70)) + -6 + -9?
21
Calculate (2 - -13) + -7 + (20 - 18).
10
-34 - (34 + -51 + 0 + 10)
-27
What is the value of -7 + 3 - (-8 + 1 + (0 - 9))?
12
What is -4 - -19 - (-37 + 49)?
3
What is the value of 7 - (-24 + (21 - -7))?
3
Calculate 14 + (8 - 6) + -9.
7
What is the value of 109 + -110 + -1 + -1?
-3
Calculate 8 - (6 - (-13 - -22)) - (0 + -2).
13
What is the value of -10 - -2 - (-20 - -15 - -3)?
-6
Calculate (-11 - (-1 + (-18 - -13))) + 6.
1
What is the value of (54 - 38) + (-3 - 18 - -1)?
-4
What is (3 + 10 - 15) + (2 - (-10 + 1))?
9
Calculate ((-12 - (-6 - -4)) + 6 - -6) + 3.
5
What is the value of 0 + (-1 + 2 - (3 - 6))?
4
What is the value of 36 + -41 + -14 + 0 + 0?
-19
What is (-24 + 9 - -4) + -11?
-22
What is the value of (-1 - -15 - 6) + 7 + -33?
-18
Calculate -1 + (-23 - -12) + 17.
5
-20 - (13 - (51 - 20))
-2
What is the value of 7 + -15 + 10 + 3?
5
-3 + (8 - 4) + -15 + -3
-17
(-15 - 13) + 55 - (-4 + -2) - -1
34
Calculate 6 - 6 - (-1 - -18 - 4).
-13
Evaluate -23 + 1 + 16 + -7 - -6.
-7
What is the value of 6 + -8 - (2 + -8 + (-5 - -7))?
2
Evaluate -3 + 2 + (-69 - -76) + (-6 - 0).
0
Calculate -7 - (30 + -15 + -20).
-2
What is the value of 2 + -87 + 94 + 1 + (2 - 1)?
11
What is (-16 - (-16 - (-12 + 3))) + -5?
-14
What is the value of (3 - -1) + (0 + -10 - (-84 + 90))?
-12
What is -770 + 756 - (1 + -12)?
-3
What is -31 - ((13 - 10) + -22)?
-12
(11 - (-13 + 25)) + (9 - -1)
9
Calculate -3 + (-5 - -75) - 31.
36
What is 3 + (-1 + -2 - (5 + -5)) + 2?
2
Evaluate (4 - 6) + -2 - (-1 - 9).
6
What is the value of 188 + -171 - (1 + -2) - 12?
6
13 + 3 - -3 - 15
4
-9 + -3 + (0 - -6 - -17)
11
Evaluate 6 - 0 - (181 - 171).
-4
-2 - -10 - (8 + -7)
7
Calculate 31 + 15 + (8 - 16) + -12.
26
Calculate 2 - -1 - (-26 - -32) - (3 + -7).
1
What is -5 + (3 - 9) + 3 - -26?
18
Calculate -62 + 59 + (1 - -18).
16
Calculate -7 - (-4 - (3 - 2)).
-2
What is (4 - 3 - 3) + (3 - (6 + 8))?
-13
12 + 3 + -22 - -11
4
What is the value of (-2 - (2 - -2)) + (-25 - -10 - -24)?
3
Calculate (-4 - (4 + 0 + -1)) + 2.
-5
14 - (-7 + 1 - (-6 - -5 - 2))
17
What is the value of 7 - ((-18 - -20) + (-4 + 7 - 2))?
4
What is 28 + (1 - (-1 - 4) - (1180 + -1169))?
23
Evaluate 9 + 12 - 8 - 25 - (-2 - -7).
-17
0 + 8 - (6 - 6 - (-9 + 10))
9
What is (10 - 15) + 11 + (-1 - 16)?
-11
Evaluate -25 - (-7 + 11 + -17).
-12
-19 + (0 - 1 - (-333 + 345))
-32
What is the value of -1 + -10 + (79 - 38) - (-10 + 12)?
28
What is the value of -6 - (-8 - (1 - 0) - -13) - 25?
-35
What is the value of 0 - (-3 - 3) - 0 - -8 - 4?
10
459 + -468 + (-26 - -3)
-32
Calculate (4 - 11 - -14) + (5 - (4 + -5)).
13
-24 + -1 + (1 - (6 - 12)) + 1
-17
3 + 0 - (-26 - (-10 - 9))
10
What is -6 - (17 + -7 - 17)?
1
Calculate 9 + (10 - ((10 - (6 - 7)) + -5)).
13
What is (-38 + 48 - 0) + (1 - -4)?
15
What is -54 + 141 + -71 - (1 - (2 - 1))?
16
15 + -24 + -9 + 31
13
What is -7 + 1 + 8 + -3 - (-2 + 7)?
-6
Calculate -7 - 7 - -32 - 13.
5
What is the value of 3 + 5 + (5 - 12)?
1
Evaluate (-1 - (23 + 0)) + (50 - 44).
-18
Evaluate 10 - ((16 - 14) + -9 + 34).
-17
What is the value of 17 - 3 - (-103 + 129)?
-12
What is the value of 0 - -17 - (-797 + 798)?
16
3 - (2 + -20 + 9) - 29
-17
What is the value of (6 - 23) + 2 - -12 - 8?
-11
What is 9 + -3 + -8 - (-14 + 32)?
-20
Evaluate (-8 - (-1 + -8)) + -1.
0
Calculate (30 - 4 - 7 - 5) + -7 + -22.
-15
What is -3 - (3 + 14 - (1 - 6) - 6)?
-19
Evaluate (0 - (-5 - 2)) + -8.
-1
What is -10 + 6 + (-1 - -7) + -9?
-7
Evaluate 9 + (-16 - -8 - -6).
7
-20 + 16 + -6 + 4
-6
Calculate 30 - (-9 + (-3 - -15) + -6 + 6).
27
(-15 + 6 - -22) + (-3 - 5)
5
Evaluate 13 - (17 + -8) - ((-2 - -1) + 3).
2
Calculate (2 - (8 + -6)) + -5.
-5
-25 + (25 - (0 + 21))
-21
What is 15 + (-4 - 42) + 18?
-13
Evaluate 6 + (4 - 20) + -1.
-11
What is (-8 + 23 + 5 - -9) + -2 + 5?
32
What is the value of (-915 - -929) + (0 - 6) + 1?
9
0 + 22 + -30 + 21
13
Evaluate -378 + 371 + (-4 - -2) + -6.
-15
Calculate 2 + 0 + (4 + (-13 - -15) - 7).
1
What is the value of -45 + 50 + -2 + (-2 - 1)?
0
Evaluate 9 - (-1 + 14 + -6) - 2 - 4.
-4
(13 - 6) + -38 - (10 + -4 + -11)
-26
What is (-17 - (-18 + -19)) + -40?
-20
Evaluate 9 + -7 + (6 - 6) + -9.
-7
-11 + (19 - 1) + 15 - -14
36
What is the value of (-16 - (0 + -9 + -42)) + -13?
22
(-7 - 2 - (-6 + -3)) + -27
-27
E